{"id":1394,"date":"2017-12-11T20:26:13","date_gmt":"2017-12-11T22:26:13","guid":{"rendered":"http:\/\/simonide-goncalves.adv.br\/?page_id=1394"},"modified":"2023-06-22T15:47:53","modified_gmt":"2023-06-22T18:47:53","slug":"quem-somos","status":"publish","type":"page","link":"https:\/\/simonide-goncalves.adv.br\/index.php\/quem-somos\/","title":{"rendered":"Quem Somos"},"content":{"rendered":"<p>A advocacia SIMONIDE &amp; GON\u00c7ALVES, teve in\u00edcio no ano de 1996 atrav\u00e9s da associa\u00e7\u00e3o dos advogados Simonide Lemes dos Santos, OAB\/SP. 94.779 e Luiz Carlos Rodrigues Gon\u00e7alves, OAB\/SP. 80.069, profissionais formados, respectivamente, nos anos de 1986 e 1984, que somaram seus conhecimentos e experi\u00eancias profissionais.<br \/>\nA atua\u00e7\u00e3o \u00e9 voltada a solu\u00e7\u00e3o de lit\u00edgios judiciais e extrajudiciais, focando quest\u00f5es indenizat\u00f3rias, locat\u00edcias, securit\u00e1rias, fam\u00edlia e sucess\u00e3o.<br \/>\nA atividade de assessoria \u00e9 voltada para quest\u00f5es de ordem contratual e societ\u00e1ria, contando para tal desiderato com o apoio de conceituado suporte t\u00e9cnico.<br \/>\nNa rela\u00e7\u00e3o com a clientela prioriza-se a transpar\u00eancia, a probidade e o recato, buscando sempre o pronto atendimento.<\/p>\n","protected":false},"excerpt":{"rendered":"<p>A advocacia SIMONIDE &amp; GON\u00c7ALVES, teve in\u00edcio no ano de 1996 atrav\u00e9s da associa\u00e7\u00e3o dos advogados Simonide Lemes dos Santos, OAB\/SP. 94.779 e Luiz Carlos Rodrigues Gon\u00e7alves, OAB\/SP. 80.069, profissionais &#8230;<\/p>\n","protected":false},"author":1,"featured_media":0,"parent":0,"menu_order":0,"comment_status":"closed","ping_status":"closed","template":"","meta":{"footnotes":""},"class_list":["post-1394","page","type-page","status-publish","hentry"],"_links":{"self":[{"href":"https:\/\/simonide-goncalves.adv.br\/index.php\/wp-json\/wp\/v2\/pages\/1394","targetHints":{"allow":["GET"]}}],"collection":[{"href":"https:\/\/simonide-goncalves.adv.br\/index.php\/wp-json\/wp\/v2\/pages"}],"about":[{"href":"https:\/\/simonide-goncalves.adv.br\/index.php\/wp-json\/wp\/v2\/types\/page"}],"author":[{"embeddable":true,"href":"https:\/\/simonide-goncalves.adv.br\/index.php\/wp-json\/wp\/v2\/users\/1"}],"replies":[{"embeddable":true,"href":"https:\/\/simonide-goncalves.adv.br\/index.php\/wp-json\/wp\/v2\/comments?post=1394"}],"version-history":[{"count":3,"href":"https:\/\/simonide-goncalves.adv.br\/index.php\/wp-json\/wp\/v2\/pages\/1394\/revisions"}],"predecessor-version":[{"id":1440,"href":"https:\/\/simonide-goncalves.adv.br\/index.php\/wp-json\/wp\/v2\/pages\/1394\/revisions\/1440"}],"wp:attachment":[{"href":"https:\/\/simonide-goncalves.adv.br\/index.php\/wp-json\/wp\/v2\/media?parent=1394"}],"curies":[{"name":"wp","href":"https:\/\/api.w.org\/{rel}","templated":true}]}}